 factor of 288 and j.
9
Let g be (-4)/10 - 148/(-20) - 4. Suppose -g = o, 4*a + 0*o = -2*o + 94. Calculate the highest common divisor of 100 and a.
25
Let n = 7 - 5. Suppose n*g = 1032 - 382. Let r = g + -221. What is the highest common factor of r and 13?
13
Let f = 76 - 11. Suppose -9*s + 8*s = -39. Let q be 3*s/9 - 0/(-4). Calculate the highest common divisor of q and f.
13
Suppose 2*r - 28 - 14 = 0. Let x be (-4060)/(-435)*54/8. Calculate the highest common divisor of x and r.
21
Let m = 462 + -202. Suppose -y - 6*u + 52 = -u, -5*y + 4*u + m = 0. Calculate the greatest common factor of y and 13.
13
Let w = -887 + 903. Calculate the greatest common divisor of w and 46.
2
Let i(a) = 12*a + 1. Let y be (-8 + 6)/((-2)/4). Suppose -b = -y*f + 2, -b - f - 7 = -5*b. Let v be i(b). Calculate the highest common divisor of 175 and v.
25
Let z = 1 - 0. Let u = 2 - z. Let d be (-1)/u + 1 + 13. Calculate the greatest common divisor of d and 39.
13
Suppose 5*s - 5*v - 25 = 0, -3*s - 11 = -s + 5*v. Let j = 6 + s. Calculate the greatest common divisor of 1 and j.
1
Let g = 28 + 6. Let o be (3 + 0)*g/6. Calculate the highest common factor of 34 and o.
17
Let o be 16*(-2 + 5/2). Let h(j) = -93*j - 6. Let q be h(1). Let z = q - -139. Calculate the highest common factor of o and z.
8
Let z = 25 + 5. Let h be ((-40)/6)/(-2)*6. What is the highest common factor of z and h?
10
Let q = 1097 + -688. Let l = q - 233. What is the greatest common factor of l and 16?
16
Let v be -5*(-2)/5*(-7 + 0). Let w be 1 + 21/(-15) - v/10. Calculate the highest common divisor of w and 9.
1
Let s be 3/((-12)/32) - -3. Let r(y) = -y**3 - y**2 + y - 4. Let i be r(s). Let u = 41 - 28. Calculate the greatest common factor of i and u.
13
Let k be (-2)/(-4)*(-30 - -22). Let l be 1*(-24)/k + 3. Calculate the greatest common factor of l and 9.
9
Suppose 0 = -x - 3*x + 1692. Let h = -248 + x. Suppose 0*f + 5*f = h. Calculate the greatest common divisor of f and 7.
7
Let q(x) = -x**3 - 3*x**2 - 2*x + 1. Let h be q(-2). Let n(c) = -26*c**2 + 1. Let j be n(h). Let i = -13 - j. Calculate the highest common factor of 8 and i.
4
Suppose 38*q = 5*q + 3564. Let h(r) = r**3 + r**2 + r + 12. Suppose 0*s - s = 0. Let n be h(s). What is the highest common divisor of n and q?
12
Suppose -34*o = -39*o, -1431 = -3*v - 5*o. Calculate the highest common factor of 18 and v.
9
Let r(z) = -2*z**2 + 28*z - 23. Let m be r(12). What is the greatest common divisor of m and 80?
5
Suppose 3*i - i - 206 = -3*h, 136 = 2*h + 2*i. Let s = 12 + -14. Let a = s + 30. What is the highest common divisor of a and h?
14
Suppose 3*x = 5*h - h + 15, -h + 39 = 4*x. Let v = -116 + 164. Suppose 2*b = 2*t - v, -2*b + b - 51 = -2*t. What is the greatest common factor of x and t?
9
Suppose 0 = 13*o - 1252 + 160. Calculate the highest common factor of 12 and o.
12
Let q(t) = t**3 + 7*t**2 - 6*t - 8. Let f be q(-6). Let k(a) = a**2 - 8. Let z be k(-4). What is the greatest common factor of f and z?
8
Let w(m) = m**2 - 3*m + 23. Let z be w(-7). What is the greatest common factor of z and 62?
31
Suppose 4*v - 3 - 5 = 0. Suppose 3*p = f - 2*f + 24, -v*p - 86 = -5*f. Let g be (12/(-2))/(2/(-15)). What is the greatest common factor of f and g?
9
Let k(i) = -54*i + 14. Let q be k(-6). Suppose -3*j = -v - 195 - q, 4*v + 548 = 3*j. Calculate the greatest common divisor of j and 16.
16
Let i(r) be the first derivative of r + 4 + 1/2*r**2. Let m be i(4). Calculate the greatest common factor of 10 and m.
5
Let z be 29/(-145) + 351/5 - 4. What is the highest common factor of 110 and z?
22
Let p(j) = -9*j - j + 0*j - j**2. Let n be p(-8). Let r = -8 - -48. Calculate the highest common factor of r and n.
8
Suppose -6428 = t - 4*t + 2*x, 4*t = x + 8564. What is the greatest common divisor of t and 20?
20
Let r(h) = -6*h - 2. Let y(j) = -j**3 - 4*j**2 + 4. Let o be y(-2). Let c be r(o). Calculate the highest common divisor of 11 and c.
11
Suppose 2*o = 4*f - 18, -f - 2*o + 7*o = 0. Suppose 0 = i - f*p - 11, 3*p - 2*p = -3*i + 17. Calculate the greatest common divisor of i and 6.
6
Suppose j + 2*a - 13 = 65, 3*a = -3*j + 225. What is the greatest common divisor of j and 666?
18
Let l = 661 - 24. Calculate the greatest common factor of 49 and l.
49
Suppose 2*g + 13 = 3*d - 2*d, -g + 7 = 4*d. Let c(j) = -3 + 2*j + 19*j**2 - 3 + 0*j - 18*j**2. Let q be c(g). Calculate the greatest common divisor of q and 1.
1
Let w(x) = -7*x - 3. Let s be w(-4). Suppose -416 - 34 = -9*i. Calculate the highest common divisor of s and i.
25
Let q(i) = 6*i**2 + 2*i - 16. Let z be q(4). Let p = 142 + -209. Let f be 1/(-3) - p/3. What is the highest common factor of z and f?
22
Let q(r) = 24*r - 5. Let h be q(4). Let j = h + -61. Calculate the greatest common factor of 10 and j.
10
Let o = 18 + -11. Let q(y) = -y**3 + 8*y**2 - 6*y + 3. Let i be q(o). Suppose 1920 = -145*g + 169*g. What is the highest common divisor of g and i?
10
Let g = -76 - -79. Let b = 41 + -37. What is the highest common factor of b and g?
1
Let b = -61 - -65. What is the greatest common divisor of 58 and b?
2
Suppose -107 = -2*j - 3*j - 2*i, 5*j + 4*i - 99 = 0. Suppose 460 = -191*s + 201*s. Calculate the greatest common divisor of j and s.
23
Let m be (-3 - -1)*(-70)/28. Suppose -m*g + 162 + 93 = 0. What is the highest common divisor of g and 17?
17
Let s be 537 - (-10)/(-9 + 4). Calculate the highest common factor of s and 5.
5
Suppose 0 = -w - 0*w - 2*w. Suppose -2*m - 6 + 72 = w. Suppose -5*u + 5*t = -55 - 450, 0 = 5*u - 3*t - 501. Calculate the highest common divisor of m and u.
33
Let j(r) = r**2 + 3*r + 5. Let m be j(-4). Let i(c) = -2*c + 96. Let x be i(39). What is the greatest common factor of x and m?
9
Suppose 2*z - 5*g - 10 = 10, -5*g + 15 = 5*z. Suppose z*f + 3*p = 76, -f - 8*p + 22 = -4*p. Calculate the greatest common factor of 28 and f.
14
Let t = -5 - 7. Let z be 64/t - (-4)/(-6). Let o be (-3)/(-9) - 16/z. Calculate the highest common divisor of o and 27.
3
Let t(y) = 5*y**2 + 2*y - 3. Let z be t(4). Suppose 0 = 5*w + m - 98, 4*m - z = -4*w + m. What is the greatest common factor of 19 and w?
19
Suppose 4*s - 3*s - 5*l - 16 = 0, 19 = s - 2*l. Let w be 42/(-63) - (44/(-3))/4. Calculate the greatest common factor of s and w.
3
Suppose 581*o + 48 = 584*o. What is the greatest common divisor of o and 3728?
16
Let c(p) = p + 192. Let v be c(0). Suppose 0 = -4*d - 12*m + 17*m + 53, 4*d + 3*m - 45 = 0. Calculate the highest common factor of v and d.
12
Suppose -12*g - 315 = -7*g. Let j be 15*(8/28 + (-66)/g). Calculate the highest common factor of 10 and j.
10
Let g = 1615 + -1568. What is the greatest common factor of 1222 and g?
47
Let b(m) = -2*m + 20. Let i be b(8). Let o be 7*i - (16 + -16). Calculate the greatest common divisor of o and 7.
7
Let x(t) = -t**3 + 12*t**2 + 5. Let i be x(11). Calculate the greatest common factor of i and 70.
14
Let y be 18/66 - 547/(-11). Calculate the highest common divisor of y and 20.
10
Suppose -111*i + 99*i + 1344 = 0. Calculate the greatest common divisor of 84 and i.
28
Let r(m) = -2*m - 10. Let q be r(-7). Suppose -3*b = -q*c + 27 + 36, -2*c + b + 29 = 0. What is the greatest common factor of c and 48?
12
Let f = 52 + -28. Let v = -9 - -5. Let t = -1 - v. Calculate the greatest common divisor of f and t.
3
Let n be 9/81 + (6820/36)/5. Calculate the highest common divisor of n and 950.
38
Suppose -37 = -3*y + l + 3, 3*l - 62 = -4*y. What is the greatest common factor of y and 413?
7
Let g(r) = -17*r**3 - 2*r**2 - 2*r - 10. Let d be g(-3). Calculate the highest common divisor of d and 46.
23
Let u be 8/52 + 316/(-26). Let l = -10 - u. Suppose -o = -l, 5*v + 5*o = 68 + 47. Calculate the highest common divisor of v and 7.
7
Suppose 29*u + 7*u - 864 = 0. Calculate the highest common factor of u and 192.
24
Let f(a) = -a**2 - 7*a + 10. Let p be f(-8). Let m be (p - 5 - -21) + -2. Let c = -38 + 62. What is the highest common factor of c and m?
8
Let s = -71 - -80. Suppose -2 - 1 = -3*n. Calculate the greatest common divisor of s and n.
1
Let r(o) = 14*o - 5. Let k be r(5). Let x = -644 + 657. What is the highest common divisor of x and k?
13
Let w be -18*3/((-12)/(-10)). Let u = w + 72. Let i be 2/(-3)*(-54)/12. Calculate the greatest common divisor of